 12*z - 5. Let q(x) = x**3 + 15*x**2 - 6*x + 3. Let s(m) = 5*h(m) + 9*q(m). What is s(5)?
-93
Let h(p) = 190*p - 1524. Let x be h(8). Let t(y) = y**3 + 5*y**2 + 5*y + 1. Calculate t(x).
-3
Let z = 312 + -311. Let g(a) = -9*a + 7. Let t(o) = -2*o - 1. Let i(w) = z*g(w) - 3*t(w). Calculate i(5).
-5
Let j(r) = -r**2 - 26*r - 123. Let q be 36/162 + 5 + 101/(-9). What is j(q)?
-3
Let b(u) = -u**3 - 5*u**2 - 6*u - 1. Let a(m) be the second derivative of -m**4/2 - 11*m**3/6 - m**2 - 155*m. Let v be a(-2). Calculate b(v).
7
Let v(l) = -10*l + 138. Let j = -534 - -548. What is v(j)?
-2
Suppose 40 = 17*k + 6. Let v(j) = 4*j**2 - j. Determine v(k).
14
Suppose 5*d = -3*c + 54, -15*c + 44 = 4*d - 13*c. Suppose -15 = -7*w + d*w. Let v(g) = g**3 + g**2 - 7*g - 8. Determine v(w).
-5
Let l(m) = 8*m - 22. Let g be l(3). Let w(y) = -5*y**3 + y**g + 5 - 2*y**2 + y - 6. Determine w(-2).
33
Suppose y = -3*q - 10, y - 22 = -2*y + 4*q. Let a(n) = 4 - 4*n + n**2 + 0*n**y + 0*n + 0*n**2. Let w be 1/3 + 8*1/3. Determine a(w).
1
Let f(x) = -10 + 3*x + 0*x**2 + x**2 + 5*x. Let b(o) = -3181*o + 79515. Let v be b(25). Give f(v).
10
Let n(x) be the second derivative of x**3/6 + 3*x**2/2 + 603*x - 5. Let z be (-23)/3 - (-8)/12. Let s = 0 + z. Calculate n(s).
-4
Let p(g) = -2*g**3 + g**2 + 20*g + 8. Let h(m) = 2*m**3 - 15*m - 7. Let k(f) = -4*h(f) - 3*p(f). Determine k(-2).
8
Let f(i) = -594641*i**2 - 1 + 5 + 594640*i**2. Let b(h) = -2*h**2 - 2*h**2 - h - 4*h**2 - h**3 - 11. Let k be b(-8). Determine f(k).
-5
Let p = 6313 - 6317. Let m(s) = s + 3 - s + s**3 + 3*s**2. What is m(p)?
-13
Let h(o) be the third derivative of -o**4/24 + 5*o**3/6 + 852*o**2. Let l(w) = -w**3 + 14*w**2 - 11*w - 19. Let y be l(13). Calculate h(y).
-2
Let t(q) = 12*q - 24. Let a(f) = -8*f + 16. Let u(h) = -8*a(h) - 5*t(h). Let g be (-142)/(-20) - (2 + -3) - (-3)/(-30). Determine u(g).
24
Let b(w) = -12*w - 74. Let l(z) = -38*z - 233. Let d(q) = 10*b(q) - 3*l(q). Give d(-6).
-5
Let b(d) = -7*d**3 - d + 1. Suppose -3*u + 49 = -4*m, u + 3*m - 123 + 111 = 0. Let k be ((1 - 0) + 0)*-14. Let c = k + u. Calculate b(c).
-7
Let k(q) be the third derivative of -q**5/60 + 7*q**4/24 - q**3/2 - 2876*q**2. Let v(f) = f**2 - 4*f - 7. Let s be v(6). Give k(s).
7
Let h(t) be the second derivative of -118*t - 1/6*t**3 - t**2 - 2. Let c = -4 + 1. Determine h(c).
1
Let r(t) = 0*t**3 + 0*t**2 + 2*t**2 + 4*t**2 - t**3 + 4 - 7*t. Let n be 4/((-88)/(-165))*(-4)/(-6). Give r(n).
-6
Let y(s) = 14*s + 150664 + 150677 - 301254. Give y(-6).
3
Suppose 0 = -3*c + 2*o - 7*o + 155, -5*c + 5*o + 285 = 0. Let j = c - 17. Let g be (-1)/(-5) - j/(-10). Let b(y) = -2*y + 3. Give b(g).
-5
Let r(w) = 46*w - 3. Let k(v) = -17*v + 1. Let t(d) = 17*k(d) + 6*r(d). Let a(z) = 14*z + 1. Let l(s) = -7*a(s) - 6*t(s). Calculate l(1).
-21
Let q = -234 + 240. Let k(i) = -4*i + 84*i**2 - i**3 + q - 77*i**2 - 12. What is k(6)?
6
Let i(f) be the second derivative of f**8/1680 - f**6/720 - 28*f**4/3 - 35*f. Let u(w) be the third derivative of i(w). Determine u(1).
3
Suppose 21*u + u - 154 = 0. Let t(d) = u - 9 + 607*d - 608*d. Give t(3).
-5
Let r(i) = -i - 9. Let d be r(-5). Let g(h) = -19 + 13 + 12 + h**2 - 124263*h + 124268*h + 2*h**2. Determine g(d).
34
Let v(b) be the third derivative of -1/3*b**3 + 1/6*b**4 - 196*b + 2*b**2 + 0. Determine v(2).
6
Suppose 5*i - 9 = u - 2, 0 = 4*u + 8. Let s be 27/6 + 1/(-2). Suppose 3*h = -2*v, i = v + s*h - 9. Let c(b) = -4*b - 1. Determine c(v).
23
Let v(c) = -c**3 + 5*c**2 - 5*c + 1. Let a be (4 + (-342)/99)/((-12)/(-88)). Determine v(a).
-3
Suppose 0 = 53*j - 879 + 826. Let o(u) = 20*u - 17. Give o(j).
3
Let c(z) = -3*z**2 + 31*z + 8. Let a(q) = q**2 - 16*q - 4. Let i(d) = -7*a(d) - 3*c(d). Give i(-8).
-20
Let l = -11 - -6. Let t(i) = 7*i - 3. Let g(k) = -16*k + 10. Let s(v) = 3*v - 2. Let h(z) = -g(z) - 4*s(z). Let x(a) = l*h(a) + 3*t(a). What is x(-1)?
0
Let r(n) = 4*n - 10. Let z(b) = -14 + 22*b - 17*b + 3. Let l(q) = 4*r(q) - 3*z(q). Suppose -5*o + 12*g = 17*g - 60, -4*o + 3*g = -27. Calculate l(o).
2
Let a(u) = u**2 - 36*u - 82. Let p = 17747 + -17709. What is a(p)?
-6
Let t(i) = -i**2 - 44*i - 341. Let u(g) = -3*g**2 - 122*g - 1023. Let o(s) = -7*t(s) + 2*u(s). Give o(-6).
-7
Let g(v) be the second derivative of -v**7/840 - v**6/60 + v**5/20 - 11*v**4/24 - 5*v**3/2 + 93*v. Let l(f) be the second derivative of g(f). Give l(-7).
-4
Let j(c) = 31*c**3 - 201*c**2 + c + 403. Let v(u) = -5*u**3 + 33*u**2 - 66. Let w(g) = 6*j(g) + 37*v(g). What is w(-14)?
88
Suppose -25 = -47*t - 15 + 37. Let o(j) = 51*j - 49. Calculate o(t).
2
Suppose 19*v - 24*v + 5*i = 45, -5*v - 5 = 3*i. Let q(n) = -n - 1. Let g(j) = -j**2 - 11*j - 10. Let f(h) = -g(h) + 4*q(h). Give f(v).
-6
Let v(l) = 5*l**2 - 2*l + 1. Let t be (-1120)/5*-1 - (4 - 1). Let g = -220 + t. Calculate v(g).
4
Let j(p) = -p**3 + 7*p**2 + 5*p + 4. Let s = -535 + 543. Calculate j(s).
-20
Let f(p) be the second derivative of p**3/2 + 5*p**2 + 1390*p. Calculate f(-4).
-2
Let u(c) = 2211 + 7*c + 33*c**3 + 3*c**2 - 4*c + 0*c**2 - 2210 + 0*c**2. Determine u(-1).
-32
Let g(o) = -o**3 - 13*o**2 - 21*o + 7. Let w be g(-11). Let p be w/18 - (-168)/27. Suppose -p = 3*t + 6. Let r(q) = 2*q**2 + 4*q + 1. Give r(t).
17
Let h(u) = 6*u - 3. Let s(p) = 2*p - 97. Let t be s(-30). Let g = t + 161. Give h(g).
21
Let p(w) = 17538*w - 11 + 22 + 25 - 17529*w. What is p(-6)?
-18
Let v(w) = -w**2 - 2*w + 9. Let g be 50/(-4 - 6) + (4 - -1). Calculate v(g).
9
Let p(r) = -2*r**3 - 2*r**2 + r. Let h = 2575 - 2577. Calculate p(h).
6
Let h(v) be the first derivative of 65 + v**2 + v - 1/2*v**4 + 1/3*v**3. What is h(-2)?
17
Let w(k) be the third derivative of k**6/120 - 3*k**5/20 + k**4/4 + 3*k**3/2 + 49*k**2 + 24. Calculate w(8).
-7
Let d(x) = 3*x**3 + 2*x**2 + 3. Suppose 2*t + 4 + 0 = 3*i, 4*i = 4*t + 4. Let m(u) = u**i + u**3 - 6 - 16 - 16 + 37. Let w(v) = d(v) - 2*m(v). Give w(0).
5
Let i = -3 - -6. Suppose -i*w = -6*w. Suppose 4*b + 11 - 3 = w. Let g(l) = -l + 2. Calculate g(b).
4
Let y(t) = 15 - 24*t**3 + 15 - 28 + t. Give y(-1).
25
Let l(d) be the second derivative of -d**4/3 - 43*d**3/6 - 65*d**2/2 - 5887*d. Determine l(-9).
-2
Let u(l) = -6*l**2 + 5*l - 6. Let w be u(1). Let m(z) = z**3 + 12*z**2 + 38*z + 22. Calculate m(w).
1
Let k(r) = -13*r - 34. Let x be (50/30)/(2/(-36)*3). Determine k(x).
96
Let t(g) = -118*g + 17. Let p(d) = 105*d - 17. Let m(b) = -9*p(b) - 8*t(b). Calculate m(-6).
23
Let k(x) be the first derivative of -17 - 1/2*x**2 + 1/3*x**3 - 2*x. Give k(2).
0
Let t(q) = -2*q + 18. Let b(w) = -12*w + 75. Let z(f) = -b(f) + 4*t(f). Determine z(-12).
-51
Let o be 3/((4/12)/(2/(-6))). Let p(m) be the second derivative of m**3/2 - m**2/2 - 6*m - 152. Determine p(o).
-10
Let v(l) be the third derivative of -11*l**7/5040 + 61*l**5/60 - l**3/6 + 26*l**2. Let a(c) be the third derivative of v(c). Calculate a(2).
-22
Let h(q) = -17*q**3 - 34*q**2 + 30*q - 31. Let j(p) = -20*p**3 - 37*p**2 + 30*p - 31. Let g(f) = 7*h(f) - 6*j(f). Calculate g(14).
-3
Suppose 101*w = 96*w. Let c(k) = 2*k - 5. Calculate c(w).
-5
Let v(h) = 3*h**3 + 56*h - 2*h**3 + 1 - h**2 - 57*h. Let j(r) = 4*r**3 - 10*r**2 - 9*r + 6. Let t(o) = j(o) - 5*v(o). Calculate t(-4).
1
Let v(m) = -1 - 6*m**2 + 11*m - 2*m - 2*m**2. Let l be 5*(-22)/(-10) + (-8)/2. Let r(j) = 7*j**2 - 9*j + 2. Let u(b) = l*r(b) + 6*v(b). What is u(6)?
-10
Let p(s) = s**3 - 8*s**2 - 10*s + 1. Let h(k) = 4*k**3 - 33*k**2 - 41*k + 5. Let c(j) = -2*h(j) + 9*p(j). Let t = -139 + 146. Determine c(t).
-8
Let a(c) = -2586 + 857 + 4*c + 849 + 863. Suppose 3 = -b - 2*b, -2*b = -3*h + 20. Give a(h).
7
Let o(t) = -2*t - 10 + t**2 - 7 - 3*t - 16 + 28. What is o(-9)?
121
Let v(o) = o**2 + 2*o - 1. Let i be 60/5*4/6. Suppose -i*p + 15*p = 84. Let l(n) = -n + 8. Let a be l(p). What is v(a)?
7
Let d(k) = -15*k**2 + 7*k - 15. Let t(n) = -8*n**2 + 4*n - 8. Let g(u) = 3*d(u) - 5*t(u). Let a(w) = -6*w**2 + w - 4. Let f(b) = 5*a(b) - 4*g(b). What is f(1)?
-9
Let n be 5/(-25)*(40 - 60). Let i be 19/5 - 2/(-10). Let q(m) = -i - 1 - 3 + 3 + 3*m. What is q(n)?
7
Suppose 79 = 19*j - 377. Suppose 0 = j*h + 31 + 17. Let m(a) = a**3 + a**2 + 2*a + 4. What is m(h)?
-4
Let j(w) = -22*w - 4. Let q(f) be the third derivative of -11*f**4/12 - f**3/2 + 3*f**2. Let m(b) = -3*j(b) +